/34 + 16359/14. What is the greatest common divisor of o and 255?
51
Let u(k) = 3*k**2 - 3*k - 4. Let b be u(4). Let y = -112 + 114. Suppose -3*p - 2*w + 126 = 50, 4*w - 56 = -y*p. Calculate the highest common factor of p and b.
8
Let t(q) = 2*q - 6. Let w be t(4). Let o = 2435 + -2422. Suppose o = x - w. What is the highest common divisor of 135 and x?
15
Suppose 0*j - 1580 = -m + 3*j, 12 = -4*j. Suppose 17*o = 1693 + m. What is the highest common divisor of 30 and o?
6
Let a(q) = q**2 + 22*q + 69. Let m be a(-19). Suppose 0 = 4*c - t - 129 - 218, -4*t = m. What is the highest common divisor of 215 and c?
43
Let n = 146 + -146. Let b be (-28)/(-2) - (n + 0). What is the highest common factor of b and 154?
14
Let u = -12769 - -12934. What is the highest common divisor of 435 and u?
15
Let f(q) = 3*q**2 + 25*q - 97. Let a(l) = -5*l**2 - 51*l + 193. Let p(w) = 4*a(w) + 7*f(w). Let v be p(26). What is the greatest common factor of 60 and v?
15
Suppose 1755 = 4*m + 26*m - 1875. Calculate the greatest common divisor of 40051 and m.
121
Let m(f) = 2*f**3 + 42*f**2 + 42*f + 77. Let x be m(-20). Calculate the greatest common factor of x and 2.
1
Let r(j) = -j**3 + 14*j**2 - 6*j - 1. Let f be r(13). Calculate the greatest common factor of 640 and f.
10
Let w = 16 + 18. Let d = 38 - w. Let j be (-42 - d)*4/(-8). What is the greatest common divisor of j and 115?
23
Suppose -2817*u + 23976 = -2808*u. What is the highest common divisor of u and 16?
8
Let l be -3 + ((-4)/(-10) - (-3760)/100). Suppose 22*n - 29*n = -l. Calculate the greatest common factor of n and 7.
1
Suppose -2*o - 5*v = -10 - 21, -3*o = 3*v - 33. Suppose -o = -17*t + 16*t. Suppose -2*s - 9 = -25. Calculate the highest common factor of t and s.
8
Suppose 2*v = 7*v - 350. Suppose 103*d + 56 = 104*d. Calculate the greatest common factor of v and d.
14
Suppose 0 = -15*p - 27663 + 34428. What is the greatest common factor of 1312 and p?
41
Let v(g) = -g**3 + 6*g**2 + 16*g - 10. Let s be v(8). Let k = s + 6. Let d be ((-17)/k)/((-1)/(-4)). Calculate the greatest common divisor of d and 51.
17
Suppose 178*r = -973 + 4711. Calculate the highest common factor of 750 and r.
3
Suppose -32 = -29*k + 33*k. Let h(u) = -3*u + 135. Let p be h(k). Calculate the greatest common divisor of 424 and p.
53
Suppose 4*c = -2 - 6. Let p be (c/5)/(3/(-15)). Let m(j) = 8*j - 8. Let w be m(2). Calculate the highest common divisor of p and w.
2
Suppose -20*s = 1482 - 1722. What is the highest common divisor of 15852 and s?
12
Let i be (-1)/((-12)/681) + 37/148. Suppose -4*u - 820 = -4*j, 0*j + 2*j - 4*u - 402 = 0. What is the greatest common divisor of i and j?
19
Suppose 19232*o - 19207*o = 116525. Calculate the highest common divisor of 316 and o.
79
Let j be 6908 + ((-8)/(-10))/(44/(-330)). What is the highest common divisor of 56 and j?
14
Let u = 71 - 62. Let j be ((-40)/15 + 2)*u/(-2). Suppose -j*m - 4*z - 24 = -4*m, 0 = -4*m + 3*z + 44. What is the highest common factor of m and 8?
8
Suppose -313 = 4*s - 3*l, 2*s - s + 3*l = -67. Let j = -31 - s. What is the greatest common factor of j and 36?
9
Suppose 4*x - u = 2*u + 1128, -8 = -2*u. Calculate the highest common factor of x and 40.
5
Let v be (-120)/(-36)*18/15. Suppose 5*g - 47 = -v*o + 35, 3*o = 4*g - 78. What is the greatest common divisor of 126 and g?
18
Suppose 0*o + 4*o - 25 = -5*n, 5*o = 5*n - 25. Suppose 2*s = -o*s + 12. Let l be (-27 - (0 + -18)) + -7 + 40. What is the greatest common factor of l and s?
6
Suppose 32*g - 35*g + 42 = 0. Suppose -365 = -5*d - 5*r, 0 = g*r - 10*r + 8. What is the greatest common divisor of 25 and d?
25
Suppose z + 4 = 0, 2*s + 5*z + 14 + 12 = 0. Let f be (165/(-20))/(s/32). Suppose r - 11 + 3 = 0. What is the highest common divisor of r and f?
8
Let z(i) = -i**3 + 19*i**2 - 12*i - 217. Let c be z(18). Let m = 379 + c. Suppose r + 6 = 114. What is the greatest common factor of r and m?
54
Let o(d) = -234*d - 91. Let x be o(-3). Suppose -6*g + 253 = -x. Calculate the highest common factor of g and 80.
16
Let w = -8681 + 12237. Calculate the highest common divisor of 28 and w.
28
Let r = -45 - -85. Let t be -2 + ((-11)/66 - 1586/(-12)). Let l = t + -110. What is the highest common divisor of l and r?
20
Suppose 21*r - 1451008 = -56*r - 51*r. Calculate the highest common divisor of 104 and r.
104
Let y(m) = -7*m - 3. Let i be y(-6). Suppose 234*q + 346*q = 3237 + 6240 + 13143. What is the highest common factor of i and q?
39
Let b = 642 - 746. Let i be b/(-18) + (-24)/(-108). Calculate the highest common factor of 78 and i.
6
Suppose -3*d - 2*z = 2, -5*d + 10 = -5*z + 5. Suppose d = -a - 19 + 23. What is the highest common factor of 12 and a?
4
Let n(z) = -15*z - 62. Let m be n(-23). Let i = m - 147. Let r = 208 - i. What is the highest common divisor of 9 and r?
9
Let p(t) = 36*t**2 + 34*t - 222. Let y be p(6). Let m = y + -1236. Let n be (2/4)/((-1)/(-14)). Calculate the highest common divisor of m and n.
7
Let w = 151 + -112. Suppose -2*g - 231 = -235. Suppose 4*m = g*m + 702. What is the greatest common factor of w and m?
39
Suppose -215004 - 103056 = -29*z + 9*z. Calculate the greatest common divisor of 171 and z.
171
Let d be 10 - (-4 + 7 + 2). Suppose -p = -6*p + d, -p = -2*n + 15. Calculate the highest common factor of 488 and n.
8
Let d(p) = -p**3 - 31*p**2 - 23*p + 1039. Let u be d(-29). What is the highest common divisor of 53616 and u?
24
Let x = 83 - 86. Let n(i) = 4*i + 9. Let s be n(x). Let m be (-209)/(-2) + s/((-12)/2). What is the highest common divisor of 42 and m?
21
Let q = 283 - 211. Suppose -19 = -3*k - 4*l, 8*l = -4*k + 12*l + q. What is the highest common divisor of k and 390?
13
Suppose -187*s + 1466599 = 418464. Calculate the highest common factor of s and 885.
295
Let b be (31/4)/1 - (-30)/120. Suppose -945 = -29*a + b*a. Let t(q) = 2*q - 3. Let j be t(6). Calculate the greatest common divisor of j and a.
9
Suppose x + k - 40 = 6*k, -3*x + 5*k + 170 = 0. Suppose 5*t = -5*z + x, -7*z = 2*t - 2*z - 41. What is the highest common divisor of t and 44?
4
Suppose -286 = 69*a - 77*a + 130. Let i(n) = -n**3 + 7*n**2 - 6*n + 4. Let q be i(6). Calculate the greatest common divisor of q and a.
4
Suppose -82*w = -83*w + 1241. What is the greatest common divisor of w and 219?
73
Let y(b) = 2*b**2 + 3*b - 6. Let j be y(-3). Let p = 66 - -326. Let x be p/64 + (-1)/8. What is the greatest common divisor of j and x?
3
Let f = -32 + 33. Let l(c) = 4*c**2 - 1. Let d be l(f). Suppose 92 = d*n + 20. What is the highest common divisor of n and 8?
8
Suppose 2*c + n + 7 = 41, n = c - 20. Let f be 252/(-49) + 5 + 297/21. Let m be (-53000)/(-1484) - ((-8)/f)/2. Calculate the highest common factor of m and c.
18
Suppose 0 = 3*c - c + 236. Let p(r) = -18*r**3 - 254*r**2 - 21*r + 16. Let h be p(-14). Let v = h - c. Calculate the highest common divisor of 45 and v.
9
Suppose -5*d - 861 = 694. Let r be -2 - d - (-2 + 1). What is the greatest common divisor of 10 and r?
10
Let d(y) = -2*y - 30*y + 14*y**2 - y**2 + 4 + y**3 + 14. Let x be d(-15). Calculate the highest common factor of 128 and x.
16
Let a(r) = -8*r**2 - 2*r + 21. Let q be a(3). Let i be (352/(-16))/(6/q + 0). What is the greatest common divisor of i and 33?
11
Let a = -32 + 344. Suppose 223*b = 221*b. Suppose 2*f = -2*p - b*p + 78, -2*f = -3*p - 78. What is the highest common divisor of a and f?
39
Suppose 79 = 39*w - 3080. Let u be 12/3 + (-1 - 2). Let q = u - -8. What is the greatest common factor of w and q?
9
Let m = 1717 - 1172. Suppose -51*q - 95 = -70*q. What is the highest common divisor of q and m?
5
Suppose -6*x + 2565 = 3*x. Let m = x - 280. Calculate the highest common factor of m and 5.
5
Let i be 21144/15 + (-8)/(-20). Suppose -2*a = 13*a - i. What is the highest common factor of 235 and a?
47
Let b be (24/(-42))/((-128)/448). What is the highest common factor of 920 and b?
2
Suppose 2*o = 5*o - 693. Let n be ((-63)/(-6) + -11)*18. Let k(p) = -p**3 - 10*p**2 + p + 111. Let q be k(n). Calculate the highest common divisor of o and q.
21
Let l = 6 + -4. Let q(d) = 9*d - 25 - 23 + 43. Let j be q(l). What is the greatest common factor of 104 and j?
13
Let j(g) = -g**3 + 8*g**2 + 7*g + 7. Let c be j(8). Suppose -17 - 53 = -5*w. Calculate the highest